{"id":779,"date":"2015-11-30T10:21:57","date_gmt":"2015-11-30T09:21:57","guid":{"rendered":"https:\/\/www.adryco.com\/?page_id=779"},"modified":"2025-12-16T08:38:02","modified_gmt":"2025-12-16T07:38:02","slug":"reformas-integrales-madrid","status":"publish","type":"page","link":"https:\/\/www.adryco.com\/?page_id=779","title":{"rendered":"Reformas Integrales Madrid"},"content":{"rendered":"<h3><\/h3>\n<hr \/>\n<h3>Compromiso de Reforma Integral de Reforma3<\/h3>\n<p><span style=\"color: #000000;\"><strong>Reforma3<\/strong><\/span> es una empresa especializada en la ejecuci\u00f3n de todo tipo de <strong>reformas integrales en Madrid<\/strong> y alrededores.<\/p>\n<p>Nuestra manera de trabajar se basa en 3 pilares fundamentales:<\/p>\n<ol>\n<li><span style=\"color: #000000;\"><strong>Transparencia<\/strong><\/span> en el presupuesto<\/li>\n<li><span style=\"color: #000000;\"><strong>Tranquilidad<\/strong><\/span>\u00a0a lo largo de la ejecuci\u00f3n de la reforma<\/li>\n<li><span style=\"color: #000000;\"><strong>Calidad<\/strong><\/span> en la entrega\u00a0de tu reforma integral<\/li>\n<\/ol>\n<hr \/>\n<h3><span style=\"color: #000000;\"><strong>Transparencia<\/strong><\/span> absoluta en tu presupuesto<\/h3>\n<p>Si te decides a realizar la reforma integral con nosotros, estos son los pasos que vamos a recorrer juntos:<\/p>\n<p><img loading=\"lazy\" decoding=\"async\" class=\"alignright wp-image-16 size-medium\" src=\"http:\/\/www.adryco.com\/wp-content\/uploads\/2015\/11\/fondo-48523031-Retocada-300x206.jpg\" alt=\"fondo general web\" width=\"300\" height=\"206\" srcset=\"https:\/\/www.adryco.com\/wp-content\/uploads\/2015\/11\/fondo-48523031-Retocada-300x206.jpg 300w, https:\/\/www.adryco.com\/wp-content\/uploads\/2015\/11\/fondo-48523031-Retocada-1024x704.jpg 1024w, https:\/\/www.adryco.com\/wp-content\/uploads\/2015\/11\/fondo-48523031-Retocada.jpg 1600w\" sizes=\"auto, (max-width: 300px) 100vw, 300px\" \/><\/p>\n<ol>\n<li>Contacta con nosotros y solicita un presupuesto <strong>GRATUITO y SIN COMPROMISO<\/strong>.<\/li>\n<li>Te visitamos en tu vivienda o negocio.<\/li>\n<li>Te asesoramos para materializar tu idea en un proyecto.<\/li>\n<li>Recibir\u00e1s un presupuesto cerrado de los trabajos a realizar en tu reforma.<\/li>\n<\/ol>\n<p><span style=\"color: #000000;\"><strong>Transparencia<\/strong><\/span> ya que nuestros presupuestos nos esconden sorpresas y est\u00e1n detallados y redactados para que el cliente lo comprenda y siempre tenga el control de su reforma integral.<\/p>\n<h3><\/h3>\n<hr \/>\n<h3><span style=\"color: #000000;\"><strong>Tranquilidad<\/strong><\/span> a lo largo de la ejecuci\u00f3n de la reforma<\/h3>\n<p><img loading=\"lazy\" decoding=\"async\" class=\"alignright wp-image-110 size-medium\" src=\"http:\/\/www.adryco.com\/wp-content\/uploads\/2015\/11\/featured_bano_83465835_S-300x200.jpg\" alt=\"Reformas de ba\u00f1os y spas\" width=\"300\" height=\"200\" srcset=\"https:\/\/www.adryco.com\/wp-content\/uploads\/2015\/11\/featured_bano_83465835_S-300x200.jpg 300w, https:\/\/www.adryco.com\/wp-content\/uploads\/2015\/11\/featured_bano_83465835_S.jpg 849w\" sizes=\"auto, (max-width: 300px) 100vw, 300px\" \/><\/p>\n<ol>\n<li>Uno de los t\u00e9cnicos\u00a0de la empresa ser\u00e1 el interlocutor con el cliente en todo el proceso.<\/li>\n<li>Tambi\u00e9n te acompa\u00f1ar\u00e1 a elegir los materiales.<\/li>\n<li>O te presentar\u00e1 muestras de acabados en tu vivienda o negocio si as\u00ed lo prefieres.<\/li>\n<\/ol>\n<p><span style=\"color: #000000;\"><strong>Tranquilidad<\/strong><\/span>\u00a0ya que las reformas integrales de Reforma 3 son siempre atendidas y supervisadas por uno de nuestros t\u00e9cnicos titulados, asegurando as\u00ed la atenci\u00f3n personalizada que nuestros clientes merecen.<\/p>\n<hr \/>\n<h3><span style=\"color: #000000;\"><strong>Calidad<\/strong><\/span> garantizada al final del proceso en la entrega de tu reforma integral<\/h3>\n<p><img loading=\"lazy\" decoding=\"async\" class=\"alignright wp-image-905 size-medium\" src=\"http:\/\/www.adryco.com\/wp-content\/uploads\/2015\/11\/Planos-y-carta-colores-300x199.jpg\" alt=\"\" width=\"300\" height=\"199\" srcset=\"https:\/\/www.adryco.com\/wp-content\/uploads\/2015\/11\/Planos-y-carta-colores-300x199.jpg 300w, https:\/\/www.adryco.com\/wp-content\/uploads\/2015\/11\/Planos-y-carta-colores-1024x681.jpg 1024w, https:\/\/www.adryco.com\/wp-content\/uploads\/2015\/11\/Planos-y-carta-colores.jpg 1691w\" sizes=\"auto, (max-width: 300px) 100vw, 300px\" \/><\/p>\n<ol>\n<li>El personal propio en plantilla de Reforma 3 supervisar\u00e1 los trabajos de manera permanente y exclusiva para tu obra.<\/li>\n<li>Uno de los t\u00e9cnicos\u00a0de la empresa supervisa directamente la ejecuci\u00f3n de los trabajos durante toda la obra.<\/li>\n<\/ol>\n<p><span style=\"color: #000000;\"><strong>Calidad<\/strong><\/span> garantizada gracias m\u00e1s de 15\u00a0a\u00f1os de experiencia en el proyecto y ejecuci\u00f3n de\u00a0cientos de <strong>reformas integrales en Madrid<\/strong> y alrededores.<\/p>\n<p>&nbsp;<\/p>\n<hr \/>\n<h3>Tipos de reformas integrales que realizamos<\/h3>\n<p>En <span style=\"color: #000000;\"><strong>Reforma 3<\/strong><\/span>, realizamos todo tipo de reformas integrales en Madrid y alrededores, siendo estas las m\u00e1s habituales:<\/p>\n<ul>\n<li><a href=\"http:\/\/www.adryco.com\/reformas-integrales-madrid\/reforma-integral-piso\/\">Reforma integral piso en Madrid<\/a><\/li>\n<li><a href=\"http:\/\/www.adryco.com\/reformas-integrales-madrid\/reformas-oficinas-madrid\/\">Reforma de Oficina en Madrid<\/a><\/li>\n<li><a href=\"http:\/\/www.adryco.com\/reformas-integrales-madrid\/reforma-local-comercial\/\">Reforma de Local Comercial<\/a><\/li>\n<li><a href=\"http:\/\/www.adryco.com\/reformas-integrales-madrid\/reforma-chalet\/\">Reforma de chalet<\/a><\/li>\n<li><a href=\"http:\/\/www.adryco.com\/reformas-integrales-madrid\/reformas-vip\/\">Reformas VIP<\/a><\/li>\n<\/ul>\n<p>Si necesitas cualquier tipo de obra o reforma, no dudes en pedirnos <a href=\"http:\/\/www.adryco.com\/presupuesto-reforma-integral\/\">presupuesto de tu reforma integral <\/a>y\u00a0recibe nuestro asesoramiento gratuito.<\/p>\n<p style=\"text-align: center;\"><a class=\"button\" href=\"http:\/\/www.adryco.com\/presupuesto-reforma-integral\/\">Presupuesto Reforma Integral<\/a><\/p>\n<h3><\/h3>\n","protected":false},"excerpt":{"rendered":"<p>Compromiso de Reforma Integral de Reforma3 Reforma3 es una empresa especializada en la ejecuci\u00f3n de todo tipo de reformas integrales en Madrid y alrededores. Nuestra manera de trabajar se basa en 3 pilares fundamentales: Transparencia en el presupuesto Tranquilidad\u00a0a lo largo de la ejecuci\u00f3n de la reforma Calidad en la entrega\u00a0de tu reforma integral Transparencia [&hellip;]<\/p>\n","protected":false},"author":1,"featured_media":0,"parent":0,"menu_order":0,"comment_status":"closed","ping_status":"closed","template":"","meta":{"_monsterinsights_skip_tracking":false,"_monsterinsights_sitenote_active":false,"_monsterinsights_sitenote_note":"","_monsterinsights_sitenote_category":0,"footnotes":""},"class_list":{"0":"post-779","1":"page","2":"type-page","3":"status-publish","5":"entry","6":"has-post-thumbnail"},"yoast_head":"<!-- This site is optimized with the Yoast SEO plugin v26.6 - https:\/\/yoast.com\/wordpress\/plugins\/seo\/ -->\n<title>Reformas Integrales Madrid | Reforma3<\/title>\n<meta name=\"description\" content=\"Realizamos todo tipo de reformas integrales en Madrid. Reformas integrales con Transparencia, Tranquilidad y Calidad. Solicita presupuesto sin compromiso.\" \/>\n<meta name=\"robots\" content=\"index, follow, max-snippet:-1, max-image-preview:large, max-video-preview:-1\" \/>\n<link rel=\"canonical\" href=\"https:\/\/www.adryco.com\/?page_id=779\" \/>\n<meta property=\"og:locale\" content=\"en_US\" \/>\n<meta property=\"og:type\" content=\"article\" \/>\n<meta property=\"og:title\" content=\"Reformas Integrales Madrid | Reforma3\" \/>\n<meta property=\"og:description\" content=\"Realizamos todo tipo de reformas integrales en Madrid. Reformas integrales con Transparencia, Tranquilidad y Calidad. Solicita presupuesto sin compromiso.\" \/>\n<meta property=\"og:url\" content=\"https:\/\/www.adryco.com\/?page_id=779\" \/>\n<meta property=\"og:site_name\" content=\"Reforma 3\" \/>\n<meta property=\"article:modified_time\" content=\"2025-12-16T07:38:02+00:00\" \/>\n<meta property=\"og:image\" content=\"http:\/\/www.adryco.com\/wp-content\/uploads\/2015\/11\/fondo-48523031-Retocada-300x206.jpg\" \/>\n<meta name=\"twitter:card\" content=\"summary_large_image\" \/>\n<meta name=\"twitter:label1\" content=\"Est. reading time\" \/>\n\t<meta name=\"twitter:data1\" content=\"3 minutes\" \/>\n<script type=\"application\/ld+json\" class=\"yoast-schema-graph\">{\"@context\":\"https:\/\/schema.org\",\"@graph\":[{\"@type\":\"WebPage\",\"@id\":\"https:\/\/www.adryco.com\/?page_id=779\",\"url\":\"https:\/\/www.adryco.com\/?page_id=779\",\"name\":\"Reformas Integrales Madrid | Reforma3\",\"isPartOf\":{\"@id\":\"https:\/\/www.adryco.com\/#website\"},\"primaryImageOfPage\":{\"@id\":\"https:\/\/www.adryco.com\/?page_id=779#primaryimage\"},\"image\":{\"@id\":\"https:\/\/www.adryco.com\/?page_id=779#primaryimage\"},\"thumbnailUrl\":\"http:\/\/www.adryco.com\/wp-content\/uploads\/2015\/11\/fondo-48523031-Retocada-300x206.jpg\",\"datePublished\":\"2015-11-30T09:21:57+00:00\",\"dateModified\":\"2025-12-16T07:38:02+00:00\",\"description\":\"Realizamos todo tipo de reformas integrales en Madrid. Reformas integrales con Transparencia, Tranquilidad y Calidad. Solicita presupuesto sin compromiso.\",\"breadcrumb\":{\"@id\":\"https:\/\/www.adryco.com\/?page_id=779#breadcrumb\"},\"inLanguage\":\"en-US\",\"potentialAction\":[{\"@type\":\"ReadAction\",\"target\":[\"https:\/\/www.adryco.com\/?page_id=779\"]}]},{\"@type\":\"ImageObject\",\"inLanguage\":\"en-US\",\"@id\":\"https:\/\/www.adryco.com\/?page_id=779#primaryimage\",\"url\":\"https:\/\/www.adryco.com\/wp-content\/uploads\/2015\/11\/fondo-48523031-Retocada.jpg\",\"contentUrl\":\"https:\/\/www.adryco.com\/wp-content\/uploads\/2015\/11\/fondo-48523031-Retocada.jpg\",\"width\":1600,\"height\":1100},{\"@type\":\"BreadcrumbList\",\"@id\":\"https:\/\/www.adryco.com\/?page_id=779#breadcrumb\",\"itemListElement\":[{\"@type\":\"ListItem\",\"position\":1,\"name\":\"Home\",\"item\":\"https:\/\/www.adryco.com\/\"},{\"@type\":\"ListItem\",\"position\":2,\"name\":\"Reformas Integrales Madrid\"}]},{\"@type\":\"WebSite\",\"@id\":\"https:\/\/www.adryco.com\/#website\",\"url\":\"https:\/\/www.adryco.com\/\",\"name\":\"Reforma 3\",\"description\":\"Reformas integrales de calidad\",\"potentialAction\":[{\"@type\":\"SearchAction\",\"target\":{\"@type\":\"EntryPoint\",\"urlTemplate\":\"https:\/\/www.adryco.com\/?s={search_term_string}\"},\"query-input\":{\"@type\":\"PropertyValueSpecification\",\"valueRequired\":true,\"valueName\":\"search_term_string\"}}],\"inLanguage\":\"en-US\"}]}<\/script>\n<!-- \/ Yoast SEO plugin. -->","yoast_head_json":{"title":"Reformas Integrales Madrid | Reforma3","description":"Realizamos todo tipo de reformas integrales en Madrid. Reformas integrales con Transparencia, Tranquilidad y Calidad. Solicita presupuesto sin compromiso.","robots":{"index":"index","follow":"follow","max-snippet":"max-snippet:-1","max-image-preview":"max-image-preview:large","max-video-preview":"max-video-preview:-1"},"canonical":"https:\/\/www.adryco.com\/?page_id=779","og_locale":"en_US","og_type":"article","og_title":"Reformas Integrales Madrid | Reforma3","og_description":"Realizamos todo tipo de reformas integrales en Madrid. Reformas integrales con Transparencia, Tranquilidad y Calidad. Solicita presupuesto sin compromiso.","og_url":"https:\/\/www.adryco.com\/?page_id=779","og_site_name":"Reforma 3","article_modified_time":"2025-12-16T07:38:02+00:00","og_image":[{"url":"http:\/\/www.adryco.com\/wp-content\/uploads\/2015\/11\/fondo-48523031-Retocada-300x206.jpg","type":"","width":"","height":""}],"twitter_card":"summary_large_image","twitter_misc":{"Est. reading time":"3 minutes"},"schema":{"@context":"https:\/\/schema.org","@graph":[{"@type":"WebPage","@id":"https:\/\/www.adryco.com\/?page_id=779","url":"https:\/\/www.adryco.com\/?page_id=779","name":"Reformas Integrales Madrid | Reforma3","isPartOf":{"@id":"https:\/\/www.adryco.com\/#website"},"primaryImageOfPage":{"@id":"https:\/\/www.adryco.com\/?page_id=779#primaryimage"},"image":{"@id":"https:\/\/www.adryco.com\/?page_id=779#primaryimage"},"thumbnailUrl":"http:\/\/www.adryco.com\/wp-content\/uploads\/2015\/11\/fondo-48523031-Retocada-300x206.jpg","datePublished":"2015-11-30T09:21:57+00:00","dateModified":"2025-12-16T07:38:02+00:00","description":"Realizamos todo tipo de reformas integrales en Madrid. Reformas integrales con Transparencia, Tranquilidad y Calidad. Solicita presupuesto sin compromiso.","breadcrumb":{"@id":"https:\/\/www.adryco.com\/?page_id=779#breadcrumb"},"inLanguage":"en-US","potentialAction":[{"@type":"ReadAction","target":["https:\/\/www.adryco.com\/?page_id=779"]}]},{"@type":"ImageObject","inLanguage":"en-US","@id":"https:\/\/www.adryco.com\/?page_id=779#primaryimage","url":"https:\/\/www.adryco.com\/wp-content\/uploads\/2015\/11\/fondo-48523031-Retocada.jpg","contentUrl":"https:\/\/www.adryco.com\/wp-content\/uploads\/2015\/11\/fondo-48523031-Retocada.jpg","width":1600,"height":1100},{"@type":"BreadcrumbList","@id":"https:\/\/www.adryco.com\/?page_id=779#breadcrumb","itemListElement":[{"@type":"ListItem","position":1,"name":"Home","item":"https:\/\/www.adryco.com\/"},{"@type":"ListItem","position":2,"name":"Reformas Integrales Madrid"}]},{"@type":"WebSite","@id":"https:\/\/www.adryco.com\/#website","url":"https:\/\/www.adryco.com\/","name":"Reforma 3","description":"Reformas integrales de calidad","potentialAction":[{"@type":"SearchAction","target":{"@type":"EntryPoint","urlTemplate":"https:\/\/www.adryco.com\/?s={search_term_string}"},"query-input":{"@type":"PropertyValueSpecification","valueRequired":true,"valueName":"search_term_string"}}],"inLanguage":"en-US"}]}},"_links":{"self":[{"href":"https:\/\/www.adryco.com\/index.php?rest_route=\/wp\/v2\/pages\/779","targetHints":{"allow":["GET"]}}],"collection":[{"href":"https:\/\/www.adryco.com\/index.php?rest_route=\/wp\/v2\/pages"}],"about":[{"href":"https:\/\/www.adryco.com\/index.php?rest_route=\/wp\/v2\/types\/page"}],"author":[{"embeddable":true,"href":"https:\/\/www.adryco.com\/index.php?rest_route=\/wp\/v2\/users\/1"}],"replies":[{"embeddable":true,"href":"https:\/\/www.adryco.com\/index.php?rest_route=%2Fwp%2Fv2%2Fcomments&post=779"}],"version-history":[{"count":45,"href":"https:\/\/www.adryco.com\/index.php?rest_route=\/wp\/v2\/pages\/779\/revisions"}],"predecessor-version":[{"id":951,"href":"https:\/\/www.adryco.com\/index.php?rest_route=\/wp\/v2\/pages\/779\/revisions\/951"}],"wp:attachment":[{"href":"https:\/\/www.adryco.com\/index.php?rest_route=%2Fwp%2Fv2%2Fmedia&parent=779"}],"curies":[{"name":"wp","href":"https:\/\/api.w.org\/{rel}","templated":true}]}}