{"id":787,"date":"2015-11-30T11:34:54","date_gmt":"2015-11-30T10:34:54","guid":{"rendered":"https:\/\/www.adryco.com\/?page_id=787"},"modified":"2015-12-18T10:50:06","modified_gmt":"2015-12-18T09:50:06","slug":"reforma-integral-piso","status":"publish","type":"page","link":"https:\/\/www.adryco.com\/?page_id=787","title":{"rendered":"Reforma Integral Piso"},"content":{"rendered":"<hr \/>\n<h3>Te llevamos de la mano en la reforma integral de tu piso<\/h3>\n<p><img loading=\"lazy\" decoding=\"async\" class=\"alignright wp-image-112 size-medium\" src=\"http:\/\/www.adryco.com\/wp-content\/uploads\/2015\/11\/featured_dormitorio_68558789_S-300x200.jpg\" alt=\"\" width=\"300\" height=\"200\" srcset=\"https:\/\/www.adryco.com\/wp-content\/uploads\/2015\/11\/featured_dormitorio_68558789_S-300x200.jpg 300w, https:\/\/www.adryco.com\/wp-content\/uploads\/2015\/11\/featured_dormitorio_68558789_S.jpg 849w\" sizes=\"auto, (max-width: 300px) 100vw, 300px\" \/><\/p>\n<p>Tu vivienda es probablemente <strong>el elemento m\u00e1s personal<\/strong> que tienes. A la hora de acometer la <strong>reforma de tu piso<\/strong> sabemos que est\u00e1s haciendo un esfuerzo econ\u00f3mico importante y l\u00f3gicamente siempre se desea que el resultado sea el mejor.<\/p>\n<p>Sin embargo el proceso puede ser abrumador. Es normal que te surjan mil dudas. No te preocupes, es normal. Son muchas cosas las que hay que decidir: la cocina, los ba\u00f1os, la terraza, el sal\u00f3n, suelos, colores, luces, etc&#8230;<\/p>\n<p>En Reforma 3 <strong>te llevamos de la mano<\/strong>\u00a0a lo largo del proceso de reforma, acompa\u00f1\u00e1ndote en todos las fases de la misma y as\u00ed convirtiendo la reforma integral de tu piso\u00a0en un disfrute para ti y tu familia.<\/p>\n<p>Como en todas la reformas integrales que realizamos, siempre va por delante nuestro <a href=\"http:\/\/www.adryco.com\/reformas-integrales-madrid\/\">compromiso habitual de reforma integral<\/a>.<\/p>\n<hr \/>\n<h3>Disfruta de la reforma integral de tu piso en Madrid<\/h3>\n<p>Para evitar que te agobien\u00a0la cantidad de cosas por decidir, en Reforma 3 <strong>te marcamos cuales son las prioridades<\/strong> para que los trabajos de reformas se desarrollen con normalidad y los plazos no se alarguen innecesariamente.<\/p>\n<p><img loading=\"lazy\" decoding=\"async\" class=\"alignleft wp-image-110 size-medium\" src=\"http:\/\/www.adryco.com\/wp-content\/uploads\/2015\/11\/featured_bano_83465835_S-300x200.jpg\" alt=\"\" width=\"300\" height=\"200\" srcset=\"https:\/\/www.adryco.com\/wp-content\/uploads\/2015\/11\/featured_bano_83465835_S-300x200.jpg 300w, https:\/\/www.adryco.com\/wp-content\/uploads\/2015\/11\/featured_bano_83465835_S.jpg 849w\" sizes=\"auto, (max-width: 300px) 100vw, 300px\" \/><\/p>\n<p>Tambi\u00e9n<strong>\u00a0te mostramos ideas y muestras de acabados y materiales<\/strong> para que puedas elegir cual es el que m\u00e1s encaja con tu forma de vida, tu personalidad y tu presupuesto. Adem\u00e1s siempre <strong>te asesoramos sobre las propiedades t\u00e9cnicas de los materiales<\/strong> que elijas, para que tu elecci\u00f3n sea siempre la mejor en todos los aspectos.<\/p>\n<hr \/>\n<h3>Presupuesto ajustado a tus objetivos<\/h3>\n<p>Para Reforma 3 <strong>el presupuesto es uno de los factores m\u00e1s importantes.<\/strong> El ahorro para el cliente se produce mediante:<\/p>\n<ol>\n<li>La elecci\u00f3n de las soluciones constructivas adecuadas a sus necesidades<\/li>\n<li>La proporcionada elecci\u00f3n de los materiales y acabados.<\/li>\n<li>La correcta ejecuci\u00f3n de los trabajos de\u00a0reforma integral del piso\u00a0para que la inversi\u00f3n que realices se conserve el m\u00e1ximo de tiempo como el primer d\u00eda.<\/li>\n<\/ol>\n<p>Sin gastar ni un euro m\u00e1s de lo necesario.<\/p>\n<p style=\"text-align: left;\">Si quieres que la experiencia de la <strong>reforma integral de tu piso en Madrid<\/strong> sea diferente, no dudes en <a href=\"http:\/\/www.adryco.com\/presupuesto-reforma-integral\/\">solicitarnos presupuesto<\/a>. Es gratuito y sin compromiso.<\/p>\n<p style=\"text-align: center;\"><a class=\"button\" href=\"http:\/\/www.adryco.com\/presupuesto-reforma-integral\/\">Presupuesto Reforma Integral Piso<\/a><\/p>\n<hr \/>\n<h3>No solo reforma integrales<\/h3>\n<p>En Reforma3 no solo hacemos reformas integrales. Si lo deseas tambi\u00e9n podemos hacer al reforma parcial de tu vivienda o negocio. Tambi\u00e9n podemos ocuparnos de reformar ba\u00f1os, reformar cocinas o cualquier otra estancia de tu vivienda.<\/p>\n<p>Aqu\u00ed pod\u00e9is ver <strong>fotos de nuestros trabajos<\/strong>:<\/p>\n<ul>\n<li><a href=\"http:\/\/www.adryco.com\/banos-y-spa\/\">Reforma de ba\u00f1o<\/a><\/li>\n<li><a href=\"http:\/\/www.adryco.com\/cocinas\/\">Reforma de cocina<\/a><\/li>\n<li><a href=\"http:\/\/www.adryco.com\/salones\/\">Reformas de salones<\/a><\/li>\n<li><a href=\"http:\/\/www.adryco.com\/vestidores-y-armarios\/\">Vestidores y armarios<\/a><\/li>\n<li><a href=\"http:\/\/www.adryco.com\/dormitorios\/\">Reforma de dormitorios<\/a><\/li>\n<li><a href=\"http:\/\/www.adryco.com\/piscinas-y-exteriores\/\">Terrazas, piscinas y exteriores<\/a><\/li>\n<\/ul>\n<p>&nbsp;<\/p>\n","protected":false},"excerpt":{"rendered":"<p>Te llevamos de la mano en la reforma integral de tu piso Tu vivienda es probablemente el elemento m\u00e1s personal que tienes. A la hora de acometer la reforma de tu piso sabemos que est\u00e1s haciendo un esfuerzo econ\u00f3mico importante y l\u00f3gicamente siempre se desea que el resultado sea el mejor. Sin embargo el proceso [&hellip;]<\/p>\n","protected":false},"author":1,"featured_media":0,"parent":779,"menu_order":0,"comment_status":"closed","ping_status":"closed","template":"","meta":{"_monsterinsights_skip_tracking":false,"_monsterinsights_sitenote_active":false,"_monsterinsights_sitenote_note":"","_monsterinsights_sitenote_category":0,"footnotes":""},"class_list":{"0":"post-787","1":"page","2":"type-page","3":"status-publish","5":"entry","6":"has-post-thumbnail"},"yoast_head":"<!-- This site is optimized with the Yoast SEO plugin v26.6 - https:\/\/yoast.com\/wordpress\/plugins\/seo\/ -->\n<title>Reforma Integral Piso | Reforma3<\/title>\n<meta name=\"description\" content=\"La reforma integral de tu piso en Madrid ofreci\u00e9ndote asesoramiento profesional gratuito, y la mejor relaci\u00f3n calidad-precio. Ll\u00e1manos sin compromiso.\" \/>\n<meta name=\"robots\" content=\"index, follow, max-snippet:-1, max-image-preview:large, max-video-preview:-1\" \/>\n<link rel=\"canonical\" href=\"https:\/\/www.adryco.com\/?page_id=787\" \/>\n<meta property=\"og:locale\" content=\"en_US\" \/>\n<meta property=\"og:type\" content=\"article\" \/>\n<meta property=\"og:title\" content=\"Reforma Integral Piso | Reforma3\" \/>\n<meta property=\"og:description\" content=\"La reforma integral de tu piso en Madrid ofreci\u00e9ndote asesoramiento profesional gratuito, y la mejor relaci\u00f3n calidad-precio. Ll\u00e1manos sin compromiso.\" \/>\n<meta property=\"og:url\" content=\"https:\/\/www.adryco.com\/?page_id=787\" \/>\n<meta property=\"og:site_name\" content=\"Reforma 3\" \/>\n<meta property=\"article:modified_time\" content=\"2015-12-18T09:50:06+00:00\" \/>\n<meta property=\"og:image\" content=\"http:\/\/www.adryco.com\/wp-content\/uploads\/2015\/11\/featured_dormitorio_68558789_S-300x200.jpg\" \/>\n<meta name=\"twitter:card\" content=\"summary_large_image\" \/>\n<meta name=\"twitter:label1\" content=\"Est. reading time\" \/>\n\t<meta name=\"twitter:data1\" content=\"2 minutes\" \/>\n<script type=\"application\/ld+json\" class=\"yoast-schema-graph\">{\"@context\":\"https:\/\/schema.org\",\"@graph\":[{\"@type\":\"WebPage\",\"@id\":\"https:\/\/www.adryco.com\/?page_id=787\",\"url\":\"https:\/\/www.adryco.com\/?page_id=787\",\"name\":\"Reforma Integral Piso | Reforma3\",\"isPartOf\":{\"@id\":\"https:\/\/www.adryco.com\/#website\"},\"primaryImageOfPage\":{\"@id\":\"https:\/\/www.adryco.com\/?page_id=787#primaryimage\"},\"image\":{\"@id\":\"https:\/\/www.adryco.com\/?page_id=787#primaryimage\"},\"thumbnailUrl\":\"http:\/\/www.adryco.com\/wp-content\/uploads\/2015\/11\/featured_dormitorio_68558789_S-300x200.jpg\",\"datePublished\":\"2015-11-30T10:34:54+00:00\",\"dateModified\":\"2015-12-18T09:50:06+00:00\",\"description\":\"La reforma integral de tu piso en Madrid ofreci\u00e9ndote asesoramiento profesional gratuito, y la mejor relaci\u00f3n calidad-precio. Ll\u00e1manos sin compromiso.\",\"breadcrumb\":{\"@id\":\"https:\/\/www.adryco.com\/?page_id=787#breadcrumb\"},\"inLanguage\":\"en-US\",\"potentialAction\":[{\"@type\":\"ReadAction\",\"target\":[\"https:\/\/www.adryco.com\/?page_id=787\"]}]},{\"@type\":\"ImageObject\",\"inLanguage\":\"en-US\",\"@id\":\"https:\/\/www.adryco.com\/?page_id=787#primaryimage\",\"url\":\"https:\/\/www.adryco.com\/wp-content\/uploads\/2015\/11\/featured_dormitorio_68558789_S.jpg\",\"contentUrl\":\"https:\/\/www.adryco.com\/wp-content\/uploads\/2015\/11\/featured_dormitorio_68558789_S.jpg\",\"width\":849,\"height\":566,\"caption\":\"Dormitorios\"},{\"@type\":\"BreadcrumbList\",\"@id\":\"https:\/\/www.adryco.com\/?page_id=787#breadcrumb\",\"itemListElement\":[{\"@type\":\"ListItem\",\"position\":1,\"name\":\"Home\",\"item\":\"https:\/\/www.adryco.com\/\"},{\"@type\":\"ListItem\",\"position\":2,\"name\":\"Reformas Integrales Madrid\",\"item\":\"https:\/\/www.adryco.com\/?page_id=779\"},{\"@type\":\"ListItem\",\"position\":3,\"name\":\"Reforma Integral Piso\"}]},{\"@type\":\"WebSite\",\"@id\":\"https:\/\/www.adryco.com\/#website\",\"url\":\"https:\/\/www.adryco.com\/\",\"name\":\"Reforma 3\",\"description\":\"Reformas integrales de calidad\",\"potentialAction\":[{\"@type\":\"SearchAction\",\"target\":{\"@type\":\"EntryPoint\",\"urlTemplate\":\"https:\/\/www.adryco.com\/?s={search_term_string}\"},\"query-input\":{\"@type\":\"PropertyValueSpecification\",\"valueRequired\":true,\"valueName\":\"search_term_string\"}}],\"inLanguage\":\"en-US\"}]}<\/script>\n<!-- \/ Yoast SEO plugin. -->","yoast_head_json":{"title":"Reforma Integral Piso | Reforma3","description":"La reforma integral de tu piso en Madrid ofreci\u00e9ndote asesoramiento profesional gratuito, y la mejor relaci\u00f3n calidad-precio. Ll\u00e1manos sin compromiso.","robots":{"index":"index","follow":"follow","max-snippet":"max-snippet:-1","max-image-preview":"max-image-preview:large","max-video-preview":"max-video-preview:-1"},"canonical":"https:\/\/www.adryco.com\/?page_id=787","og_locale":"en_US","og_type":"article","og_title":"Reforma Integral Piso | Reforma3","og_description":"La reforma integral de tu piso en Madrid ofreci\u00e9ndote asesoramiento profesional gratuito, y la mejor relaci\u00f3n calidad-precio. Ll\u00e1manos sin compromiso.","og_url":"https:\/\/www.adryco.com\/?page_id=787","og_site_name":"Reforma 3","article_modified_time":"2015-12-18T09:50:06+00:00","og_image":[{"url":"http:\/\/www.adryco.com\/wp-content\/uploads\/2015\/11\/featured_dormitorio_68558789_S-300x200.jpg","type":"","width":"","height":""}],"twitter_card":"summary_large_image","twitter_misc":{"Est. reading time":"2 minutes"},"schema":{"@context":"https:\/\/schema.org","@graph":[{"@type":"WebPage","@id":"https:\/\/www.adryco.com\/?page_id=787","url":"https:\/\/www.adryco.com\/?page_id=787","name":"Reforma Integral Piso | Reforma3","isPartOf":{"@id":"https:\/\/www.adryco.com\/#website"},"primaryImageOfPage":{"@id":"https:\/\/www.adryco.com\/?page_id=787#primaryimage"},"image":{"@id":"https:\/\/www.adryco.com\/?page_id=787#primaryimage"},"thumbnailUrl":"http:\/\/www.adryco.com\/wp-content\/uploads\/2015\/11\/featured_dormitorio_68558789_S-300x200.jpg","datePublished":"2015-11-30T10:34:54+00:00","dateModified":"2015-12-18T09:50:06+00:00","description":"La reforma integral de tu piso en Madrid ofreci\u00e9ndote asesoramiento profesional gratuito, y la mejor relaci\u00f3n calidad-precio. Ll\u00e1manos sin compromiso.","breadcrumb":{"@id":"https:\/\/www.adryco.com\/?page_id=787#breadcrumb"},"inLanguage":"en-US","potentialAction":[{"@type":"ReadAction","target":["https:\/\/www.adryco.com\/?page_id=787"]}]},{"@type":"ImageObject","inLanguage":"en-US","@id":"https:\/\/www.adryco.com\/?page_id=787#primaryimage","url":"https:\/\/www.adryco.com\/wp-content\/uploads\/2015\/11\/featured_dormitorio_68558789_S.jpg","contentUrl":"https:\/\/www.adryco.com\/wp-content\/uploads\/2015\/11\/featured_dormitorio_68558789_S.jpg","width":849,"height":566,"caption":"Dormitorios"},{"@type":"BreadcrumbList","@id":"https:\/\/www.adryco.com\/?page_id=787#breadcrumb","itemListElement":[{"@type":"ListItem","position":1,"name":"Home","item":"https:\/\/www.adryco.com\/"},{"@type":"ListItem","position":2,"name":"Reformas Integrales Madrid","item":"https:\/\/www.adryco.com\/?page_id=779"},{"@type":"ListItem","position":3,"name":"Reforma Integral Piso"}]},{"@type":"WebSite","@id":"https:\/\/www.adryco.com\/#website","url":"https:\/\/www.adryco.com\/","name":"Reforma 3","description":"Reformas integrales de calidad","potentialAction":[{"@type":"SearchAction","target":{"@type":"EntryPoint","urlTemplate":"https:\/\/www.adryco.com\/?s={search_term_string}"},"query-input":{"@type":"PropertyValueSpecification","valueRequired":true,"valueName":"search_term_string"}}],"inLanguage":"en-US"}]}},"_links":{"self":[{"href":"https:\/\/www.adryco.com\/index.php?rest_route=\/wp\/v2\/pages\/787","targetHints":{"allow":["GET"]}}],"collection":[{"href":"https:\/\/www.adryco.com\/index.php?rest_route=\/wp\/v2\/pages"}],"about":[{"href":"https:\/\/www.adryco.com\/index.php?rest_route=\/wp\/v2\/types\/page"}],"author":[{"embeddable":true,"href":"https:\/\/www.adryco.com\/index.php?rest_route=\/wp\/v2\/users\/1"}],"replies":[{"embeddable":true,"href":"https:\/\/www.adryco.com\/index.php?rest_route=%2Fwp%2Fv2%2Fcomments&post=787"}],"version-history":[{"count":35,"href":"https:\/\/www.adryco.com\/index.php?rest_route=\/wp\/v2\/pages\/787\/revisions"}],"predecessor-version":[{"id":971,"href":"https:\/\/www.adryco.com\/index.php?rest_route=\/wp\/v2\/pages\/787\/revisions\/971"}],"up":[{"embeddable":true,"href":"https:\/\/www.adryco.com\/index.php?rest_route=\/wp\/v2\/pages\/779"}],"wp:attachment":[{"href":"https:\/\/www.adryco.com\/index.php?rest_route=%2Fwp%2Fv2%2Fmedia&parent=787"}],"curies":[{"name":"wp","href":"https:\/\/api.w.org\/{rel}","templated":true}]}}

<hr />
<h3>Te llevamos de la mano en la reforma integral de tu piso</h3>
<p><img loading="lazy" decoding="async" class="alignright wp-image-112 size-medium" src="http://www.adryco.com/wp-content/uploads/2015/11/featured_dormitorio_68558789_S-300x200.jpg" alt="" width="300" height="200" srcset="https://www.adryco.com/wp-content/uploads/2015/11/featured_dormitorio_68558789_S-300x200.jpg 300w, https://www.adryco.com/wp-content/uploads/2015/11/featured_dormitorio_68558789_S.jpg 849w" sizes="auto, (max-width: 300px) 100vw, 300px" /></p>
<p>Tu vivienda es probablemente <strong>el elemento más personal</strong> que tienes. A la hora de acometer la <strong>reforma de tu piso</strong> sabemos que estás haciendo un esfuerzo económico importante y lógicamente siempre se desea que el resultado sea el mejor.</p>
<p>Sin embargo el proceso puede ser abrumador. Es normal que te surjan mil dudas. No te preocupes, es normal. Son muchas cosas las que hay que decidir: la cocina, los baños, la terraza, el salón, suelos, colores, luces, etc&#8230;</p>
<p>En Reforma 3 <strong>te llevamos de la mano</strong> a lo largo del proceso de reforma, acompañándote en todos las fases de la misma y así convirtiendo la reforma integral de tu piso en un disfrute para ti y tu familia.</p>
<p>Como en todas la reformas integrales que realizamos, siempre va por delante nuestro <a href="http://www.adryco.com/reformas-integrales-madrid/">compromiso habitual de reforma integral</a>.</p>
<hr />
<h3>Disfruta de la reforma integral de tu piso en Madrid</h3>
<p>Para evitar que te agobien la cantidad de cosas por decidir, en Reforma 3 <strong>te marcamos cuales son las prioridades</strong> para que los trabajos de reformas se desarrollen con normalidad y los plazos no se alarguen innecesariamente.</p>
<p><img loading="lazy" decoding="async" class="alignleft wp-image-110 size-medium" src="http://www.adryco.com/wp-content/uploads/2015/11/featured_bano_83465835_S-300x200.jpg" alt="" width="300" height="200" srcset="https://www.adryco.com/wp-content/uploads/2015/11/featured_bano_83465835_S-300x200.jpg 300w, https://www.adryco.com/wp-content/uploads/2015/11/featured_bano_83465835_S.jpg 849w" sizes="auto, (max-width: 300px) 100vw, 300px" /></p>
<p>También<strong> te mostramos ideas y muestras de acabados y materiales</strong> para que puedas elegir cual es el que más encaja con tu forma de vida, tu personalidad y tu presupuesto. Además siempre <strong>te asesoramos sobre las propiedades técnicas de los materiales</strong> que elijas, para que tu elección sea siempre la mejor en todos los aspectos.</p>
<hr />
<h3>Presupuesto ajustado a tus objetivos</h3>
<p>Para Reforma 3 <strong>el presupuesto es uno de los factores más importantes.</strong> El ahorro para el cliente se produce mediante:</p>
<ol>
<li>La elección de las soluciones constructivas adecuadas a sus necesidades</li>
<li>La proporcionada elección de los materiales y acabados.</li>
<li>La correcta ejecución de los trabajos de reforma integral del piso para que la inversión que realices se conserve el máximo de tiempo como el primer día.</li>
</ol>
<p>Sin gastar ni un euro más de lo necesario.</p>
<p style="text-align: left;">Si quieres que la experiencia de la <strong>reforma integral de tu piso en Madrid</strong> sea diferente, no dudes en <a href="http://www.adryco.com/presupuesto-reforma-integral/">solicitarnos presupuesto</a>. Es gratuito y sin compromiso.</p>
<p style="text-align: center;"><a class="button" href="http://www.adryco.com/presupuesto-reforma-integral/">Presupuesto Reforma Integral Piso</a></p>
<hr />
<h3>No solo reforma integrales</h3>
<p>En Reforma3 no solo hacemos reformas integrales. Si lo deseas también podemos hacer al reforma parcial de tu vivienda o negocio. También podemos ocuparnos de reformar baños, reformar cocinas o cualquier otra estancia de tu vivienda.</p>
<p>Aquí podéis ver <strong>fotos de nuestros trabajos</strong>:</p>
<ul>
<li><a href="http://www.adryco.com/banos-y-spa/">Reforma de baño</a></li>
<li><a href="http://www.adryco.com/cocinas/">Reforma de cocina</a></li>
<li><a href="http://www.adryco.com/salones/">Reformas de salones</a></li>
<li><a href="http://www.adryco.com/vestidores-y-armarios/">Vestidores y armarios</a></li>
<li><a href="http://www.adryco.com/dormitorios/">Reforma de dormitorios</a></li>
<li><a href="http://www.adryco.com/piscinas-y-exteriores/">Terrazas, piscinas y exteriores</a></li>
</ul>
<p>&nbsp;</p>

<p>Te llevamos de la mano en la reforma integral de tu piso Tu vivienda es probablemente el elemento más personal que tienes. A la hora de acometer la reforma de tu piso sabemos que estás haciendo un esfuerzo económico importante y lógicamente siempre se desea que el resultado sea el mejor. Sin embargo el proceso [&hellip;]</p>

<!-- This site is optimized with the Yoast SEO plugin v26.6 - https://yoast.com/wordpress/plugins/seo/ -->
<title>Reforma Integral Piso | Reforma3</title>
<meta name="description" content="La reforma integral de tu piso en Madrid ofreciéndote asesoramiento profesional gratuito, y la mejor relación calidad-precio. Llámanos sin compromiso." />
<meta name="robots" content="index, follow, max-snippet:-1, max-image-preview:large, max-video-preview:-1" />
<link rel="canonical" href="https://www.adryco.com/?page_id=787" />
<meta property="og:locale" content="en_US" />
<meta property="og:type" content="article" />
<meta property="og:title" content="Reforma Integral Piso | Reforma3" />
<meta property="og:description" content="La reforma integral de tu piso en Madrid ofreciéndote asesoramiento profesional gratuito, y la mejor relación calidad-precio. Llámanos sin compromiso." />
<meta property="og:url" content="https://www.adryco.com/?page_id=787" />
<meta property="og:site_name" content="Reforma 3" />
<meta property="article:modified_time" content="2015-12-18T09:50:06+00:00" />
<meta property="og:image" content="http://www.adryco.com/wp-content/uploads/2015/11/featured_dormitorio_68558789_S-300x200.jpg" />
<meta name="twitter:card" content="summary_large_image" />
<meta name="twitter:label1" content="Est. reading time" />
	<meta name="twitter:data1" content="2 minutes" />
<script type="application/ld+json" class="yoast-schema-graph">{"@context":"https://schema.org","@graph":[{"@type":"WebPage","@id":"https://www.adryco.com/?page_id=787","url":"https://www.adryco.com/?page_id=787","name":"Reforma Integral Piso | Reforma3","isPartOf":{"@id":"https://www.adryco.com/#website"},"primaryImageOfPage":{"@id":"https://www.adryco.com/?page_id=787#primaryimage"},"image":{"@id":"https://www.adryco.com/?page_id=787#primaryimage"},"thumbnailUrl":"http://www.adryco.com/wp-content/uploads/2015/11/featured_dormitorio_68558789_S-300x200.jpg","datePublished":"2015-11-30T10:34:54+00:00","dateModified":"2015-12-18T09:50:06+00:00","description":"La reforma integral de tu piso en Madrid ofreciéndote asesoramiento profesional gratuito, y la mejor relación calidad-precio. Llámanos sin compromiso.","breadcrumb":{"@id":"https://www.adryco.com/?page_id=787#breadcrumb"},"inLanguage":"en-US","potentialAction":[{"@type":"ReadAction","target":["https://www.adryco.com/?page_id=787"]}]},{"@type":"ImageObject","inLanguage":"en-US","@id":"https://www.adryco.com/?page_id=787#primaryimage","url":"https://www.adryco.com/wp-content/uploads/2015/11/featured_dormitorio_68558789_S.jpg","contentUrl":"https://www.adryco.com/wp-content/uploads/2015/11/featured_dormitorio_68558789_S.jpg","width":849,"height":566,"caption":"Dormitorios"},{"@type":"BreadcrumbList","@id":"https://www.adryco.com/?page_id=787#breadcrumb","itemListElement":[{"@type":"ListItem","position":1,"name":"Home","item":"https://www.adryco.com/"},{"@type":"ListItem","position":2,"name":"Reformas Integrales Madrid","item":"https://www.adryco.com/?page_id=779"},{"@type":"ListItem","position":3,"name":"Reforma Integral Piso"}]},{"@type":"WebSite","@id":"https://www.adryco.com/#website","url":"https://www.adryco.com/","name":"Reforma 3","description":"Reformas integrales de calidad","potentialAction":[{"@type":"SearchAction","target":{"@type":"EntryPoint","urlTemplate":"https://www.adryco.com/?s={search_term_string}"},"query-input":{"@type":"PropertyValueSpecification","valueRequired":true,"valueName":"search_term_string"}}],"inLanguage":"en-US"}]}</script>
<!-- / Yoast SEO plugin. -->

La reforma integral de tu piso en Madrid ofreciéndote asesoramiento profesional gratuito, y la mejor relación calidad-precio. Llámanos sin compromiso.
